{"id":3,"date":"2020-06-18T13:05:27","date_gmt":"2020-06-18T13:05:27","guid":{"rendered":"http:\/\/xn--perfectpartygrion-txb.es\/?page_id=3"},"modified":"2020-06-19T10:36:31","modified_gmt":"2020-06-19T10:36:31","slug":"privacy-policy","status":"publish","type":"page","link":"https:\/\/xn--perfectpartygrion-txb.es\/index.php\/privacy-policy\/","title":{"rendered":"Privacy Policy"},"content":{"rendered":"\n<p><strong>POL\u00cdTICA DE PRIVACIDAD<\/strong><\/p>\n<p>&nbsp;<\/p>\n<p>En cumplimiento del Reglamento (UE) 2016\/679 del Parlamento Europeo y del Consejo de 27 de abril de 2016, relativo a la protecci\u00f3n de las personas f\u00edsicas en lo que respecta al tratamiento de datos personales y a la libre circulaci\u00f3n de estos datos y en la legislaci\u00f3n nacional de desarrollo del mismo, el USUARIO, por el hecho de remitir sus datos de car\u00e1cter personal a trav\u00e9s de correo electr\u00f3nico o rellenando cualquier formulario de este PORTAL, consiente a <strong>PERFECT PARTY GRI\u00d1ON.<\/strong> su tratamiento conforme a la presente pol\u00edtica de protecci\u00f3n de datos.<\/p>\n<p>Los datos pasar\u00e1n a formar parte de los ficheros de <strong>PERFECT PARTY GRI\u00d1ON<\/strong><strong>.<\/strong> para atender las peticiones que realice el USUARIO y, en su caso, el env\u00edo de comunicaciones informativas sobre sus diversas actividades (convocatorias a eventos, cambios legislativos, nuevos servicios, ofertas de formaci\u00f3n, etc).<\/p>\n<p>El USUARIO podr\u00e1 ejercer sus derechos de acceso, rectificaci\u00f3n, oposici\u00f3n o cancelaci\u00f3n por medio de escrito a: &nbsp;<strong>PERFECT PARTY GRI\u00d1ON, info@perfectpartygri\u00f1on.es<\/strong><\/p>\n<p><strong>POL\u00cdTICA DE COOKIES<\/strong><\/p>\n<p>&nbsp;<\/p>\n<p>Una&nbsp;<em>cookie<\/em>&nbsp;es un fichero inform\u00e1tico inofensivo que se almacena en su navegador y en los archivos temporales de su equipo cuando visita cualquier p\u00e1gina web. Sirve, entre otras cosas, para que la web sea capaz de recordar su visita anterior cuando vuelva a navegar por la misma. Las&nbsp;<em>cookies<\/em>&nbsp;suelen almacenar informaci\u00f3n t\u00e9cnica (navegador, entorno\u2026), preferencias personales, personalizaci\u00f3n, estad\u00edsticas, enlaces a redes sociales&#8230; . El objetivo es adaptar el contenido a su perfil y necesidades.<\/p>\n<p>Una cookie ni es un virus, ni es un troyano, ni abre ventanas emergentes (pop-up) ni almacena datos de car\u00e1cter personal (DNI, cuentas bancarias\u2026) ni realiza labores de espionaje inform\u00e1tico. Es m\u00e1s, las cookies no le identifican a usted personalmente, identifican la conjunci\u00f3n navegador-sistema operativo con la que accede a la web. Cada navegador puede soportar cookies distintas y almacenar informaci\u00f3n distinta en funci\u00f3n de su configuraci\u00f3n.<\/p>\n<p>El navegador es el software encargado de procesar las cookies, almacenarlas y, en su caso, borrarlas o evitar su instalaci\u00f3n. En consecuencia, esta web no puede garantizar el correcto proceso de las mismas por parte del software utilizado para acceder a la misma.<br>Usted puede eliminar, e incluso bloquear completamente o por dominio, las cookies que almacena su navegador. Recuerde que este bloqueo puede provocar efectos no deseados como que no pueda acceder a las \u00e1reas privadas de la web, compartir informaci\u00f3n a trav\u00e9s de redes sociales, comentar en las noticias o, incluso, no poder realizar compras a trav\u00e9s de internet al no poder acceder satisfactoriamente al carrito de la compra.<\/p>\n<p>Esta web no se hace responsable de las pol\u00edticas de privacidad de terceros con los que comparta informaci\u00f3n a trav\u00e9s de la misma o sus botones sociales como son los proveedores de redes sociales (Facebook, Twitter\u2026). En caso de dudas sobre esta pol\u00edtica de privacidad contacte con nosotros.<\/p>\n<p>&nbsp;<\/p>\n<p><strong><u>Cookies utilizadas&nbsp;<\/u><\/strong><\/p>\n<p>Este sitio web utiliza las siguientes&nbsp;<strong>cookies propias<\/strong>:<\/p>\n<p><u>Cookies de sesi\u00f3n:<\/u>&nbsp;Tienen como finalidad evitar el spam y garantizar que quien interact\u00faa con la web es un humano y no un robot.<\/p>\n<p><u>Cookies de usuario:<\/u>&nbsp;Tienen como finalidad permitir el acceso a la web a trav\u00e9s de usuario y contrase\u00f1a, recordando sus preferencias.<\/p>\n<p>Este sitio web utiliza las siguientes&nbsp;<strong>cookies de terceros<\/strong>:<\/p>\n<p><u>Cookies anal\u00edticas:<\/u>&nbsp;Tienen como finalidad poder elaborar estad\u00edsticas sobre tr\u00e1fico y visitas a esta web. Dichas cookies son titularidad de Google y para cualquier acci\u00f3n sobre las mismas habr\u00e1 de contactar con esta empresa. Google tiene suscritos acuerdos de Puerto Seguro para que sus datos, a pesar de que puedan estar almacenados en servidores fuera de la Uni\u00f3n Europea, sean tratados conforme a la normativa comunitaria de protecci\u00f3n de datos<\/p>\n<p><u>Redes sociales:<\/u>&nbsp;Las redes sociales utilizan cookies propias para compartir el contenido y proveedores de video como Youtube hacen uso de cookies para permitirle el visionado de los mismos<\/p>\n<p><u>Cookies Publicitarias:<\/u>&nbsp;Tienen como finalidad detectar el n\u00famero de impresiones de los anuncios que acompa\u00f1an a nuestra web para proveer estad\u00edsticas sobre el n\u00famero de pulsaciones que se realizan en los mismos. Dichos anuncios usan cookies titularidad de Google (Adsense)<\/p>\n<p>&nbsp;<\/p>\n<p><strong><u>Desactivaci\u00f3n o eliminaci\u00f3n de cookies<\/u><\/strong><\/p>\n<p>Puede deshabilitar las cookies en las preferencias de navegaci\u00f3n de su navegador en cualquier momento. A continuaci\u00f3n le facilitamos, de forma gen\u00e9rica y teniendo en cuenta que puede variar en funci\u00f3n de la versi\u00f3n instalada, los lugares m\u00e1s habituales donde puede encontrar la configuraci\u00f3n de cookies en los navegadores m\u00e1s populares:<\/p>\n<ul>\n<li><strong>Internet Explorer:<\/strong>Herramientas -&gt; Opciones de Internet -&gt; Privacidad -&gt; Configuraci\u00f3n.<\/li>\n<li><strong>Mozilla Firefox:&nbsp;<\/strong>Herramientas -&gt; Opciones -&gt; Privacidad -&gt; Historial -&gt; Configuraci\u00f3n Personalizada.<\/li>\n<li><strong>Google Chrome:&nbsp;<\/strong>Configuraci\u00f3n -&gt; Mostrar opciones avanzadas -&gt; Privacidad -&gt; Configuraci\u00f3n de contenido.<\/li>\n<li><strong>Opera:<\/strong>Configuraci\u00f3n -&gt; Opciones -&gt; Avanzado -&gt; Cookies.<\/li>\n<li><strong>Safari:<\/strong>Preferencias -&gt; Seguridad.<\/li>\n<\/ul>\n<p>As\u00ed mismo lo recordamos que muchos de los navegadores existentes en la actualidad permiten el modo de navegaci\u00f3n privada, borrando las cookies y el historial de navegaci\u00f3n una vez que cierra el navegador. Contacte con su proveedor de software para m\u00e1s informaci\u00f3n.<\/p>\n<p><strong>&nbsp;<\/strong><\/p>\n","protected":false},"excerpt":{"rendered":"<p>POL\u00cdTICA DE PRIVACIDAD &nbsp; En cumplimiento del Reglamento (UE) 2016\/679 del Parlamento Europeo y del Consejo de 27 de abril de 2016, relativo a la protecci\u00f3n de las personas f\u00edsicas en lo que respecta al tratamiento de datos personales y a la libre circulaci\u00f3n de estos datos y en la legislaci\u00f3n nacional de desarrollo del [&#8230;]\n","protected":false},"author":1,"featured_media":0,"parent":0,"menu_order":0,"comment_status":"closed","ping_status":"open","template":"","meta":[],"yoast_head":"<!-- This site is optimized with the Yoast SEO plugin v14.3 - https:\/\/yoast.com\/wordpress\/plugins\/seo\/ -->\n<title>Privacy Policy - local de fiestas y eventos<\/title>\n<meta name=\"robots\" content=\"index, follow\" \/>\n<meta name=\"googlebot\" content=\"index, follow, max-snippet:-1, max-image-preview:large, max-video-preview:-1\" \/>\n<meta name=\"bingbot\" content=\"index, follow, max-snippet:-1, max-image-preview:large, max-video-preview:-1\" \/>\n<link rel=\"canonical\" href=\"http:\/\/xn--perfectpartygrion-txb.es\/index.php\/privacy-policy\/\" \/>\n<meta property=\"og:locale\" content=\"es_ES\" \/>\n<meta property=\"og:type\" content=\"article\" \/>\n<meta property=\"og:title\" content=\"Privacy Policy - local de fiestas y eventos\" \/>\n<meta property=\"og:description\" content=\"POL\u00cdTICA DE PRIVACIDAD &nbsp; En cumplimiento del Reglamento (UE) 2016\/679 del Parlamento Europeo y del Consejo de 27 de abril de 2016, relativo a la protecci\u00f3n de las personas f\u00edsicas en lo que respecta al tratamiento de datos personales y a la libre circulaci\u00f3n de estos datos y en la legislaci\u00f3n nacional de desarrollo del [...]\" \/>\n<meta property=\"og:url\" content=\"http:\/\/xn--perfectpartygrion-txb.es\/index.php\/privacy-policy\/\" \/>\n<meta property=\"og:site_name\" content=\"local de fiestas y eventos\" \/>\n<meta property=\"article:modified_time\" content=\"2020-06-19T10:36:31+00:00\" \/>\n<meta name=\"twitter:card\" content=\"summary_large_image\" \/>\n<script type=\"application\/ld+json\" class=\"yoast-schema-graph\">{\"@context\":\"https:\/\/schema.org\",\"@graph\":[{\"@type\":\"WebSite\",\"@id\":\"https:\/\/xn--perfectpartygrion-txb.es\/#website\",\"url\":\"https:\/\/xn--perfectpartygrion-txb.es\/\",\"name\":\"local de fiestas y eventos\",\"description\":\"\",\"potentialAction\":[{\"@type\":\"SearchAction\",\"target\":\"https:\/\/xn--perfectpartygrion-txb.es\/?s={search_term_string}\",\"query-input\":\"required name=search_term_string\"}],\"inLanguage\":\"es\"},{\"@type\":\"WebPage\",\"@id\":\"http:\/\/xn--perfectpartygrion-txb.es\/index.php\/privacy-policy\/#webpage\",\"url\":\"http:\/\/xn--perfectpartygrion-txb.es\/index.php\/privacy-policy\/\",\"name\":\"Privacy Policy - local de fiestas y eventos\",\"isPartOf\":{\"@id\":\"https:\/\/xn--perfectpartygrion-txb.es\/#website\"},\"datePublished\":\"2020-06-18T13:05:27+00:00\",\"dateModified\":\"2020-06-19T10:36:31+00:00\",\"inLanguage\":\"es\",\"potentialAction\":[{\"@type\":\"ReadAction\",\"target\":[\"http:\/\/xn--perfectpartygrion-txb.es\/index.php\/privacy-policy\/\"]}]}]}<\/script>\n<!-- \/ Yoast SEO plugin. -->","_links":{"self":[{"href":"https:\/\/xn--perfectpartygrion-txb.es\/index.php\/wp-json\/wp\/v2\/pages\/3"}],"collection":[{"href":"https:\/\/xn--perfectpartygrion-txb.es\/index.php\/wp-json\/wp\/v2\/pages"}],"about":[{"href":"https:\/\/xn--perfectpartygrion-txb.es\/index.php\/wp-json\/wp\/v2\/types\/page"}],"author":[{"embeddable":true,"href":"https:\/\/xn--perfectpartygrion-txb.es\/index.php\/wp-json\/wp\/v2\/users\/1"}],"replies":[{"embeddable":true,"href":"https:\/\/xn--perfectpartygrion-txb.es\/index.php\/wp-json\/wp\/v2\/comments?post=3"}],"version-history":[{"count":2,"href":"https:\/\/xn--perfectpartygrion-txb.es\/index.php\/wp-json\/wp\/v2\/pages\/3\/revisions"}],"predecessor-version":[{"id":142,"href":"https:\/\/xn--perfectpartygrion-txb.es\/index.php\/wp-json\/wp\/v2\/pages\/3\/revisions\/142"}],"wp:attachment":[{"href":"https:\/\/xn--perfectpartygrion-txb.es\/index.php\/wp-json\/wp\/v2\/media?parent=3"}],"curies":[{"name":"wp","href":"https:\/\/api.w.org\/{rel}","templated":true}]}}